{"id":257,"date":"2023-06-23T09:10:13","date_gmt":"2023-06-23T08:10:13","guid":{"rendered":"https:\/\/eurospedco.me\/?page_id=257"},"modified":"2023-06-23T09:50:27","modified_gmt":"2023-06-23T08:50:27","slug":"onama","status":"publish","type":"page","link":"https:\/\/eurospedco.me\/index.php\/onama\/","title":{"rendered":"O nama"},"content":{"rendered":"\t\t<div data-elementor-type=\"wp-page\" data-elementor-id=\"257\" class=\"elementor elementor-257\">\n\t\t\t\t\t\t\t\t\t<section class=\"elementor-section elementor-top-section elementor-element elementor-element-54623ca0 elementor-section-full_width elementor-section-content-middle elementor-section-height-default elementor-section-height-default\" data-id=\"54623ca0\" data-element_type=\"section\">\n\t\t\t\t\t\t<div class=\"elementor-container elementor-column-gap-no\">\n\t\t\t\t\t<div class=\"elementor-column elementor-col-33 elementor-top-column elementor-element elementor-element-341f4a24\" data-id=\"341f4a24\" data-element_type=\"column\">\n\t\t\t<div class=\"elementor-widget-wrap elementor-element-populated\">\n\t\t\t\t\t\t\t\t<div class=\"elementor-element elementor-element-3873dc43 elementor-widget elementor-widget-text-editor\" data-id=\"3873dc43\" data-element_type=\"widget\" data-widget_type=\"text-editor.default\">\n\t\t\t\t<div class=\"elementor-widget-container\">\n\t\t\t<style>\/*! elementor - v3.13.1 - 09-05-2023 *\/\n.elementor-widget-text-editor.elementor-drop-cap-view-stacked .elementor-drop-cap{background-color:#69727d;color:#fff}.elementor-widget-text-editor.elementor-drop-cap-view-framed .elementor-drop-cap{color:#69727d;border:3px solid;background-color:transparent}.elementor-widget-text-editor:not(.elementor-drop-cap-view-default) .elementor-drop-cap{margin-top:8px}.elementor-widget-text-editor:not(.elementor-drop-cap-view-default) .elementor-drop-cap-letter{width:1em;height:1em}.elementor-widget-text-editor .elementor-drop-cap{float:left;text-align:center;line-height:1;font-size:50px}.elementor-widget-text-editor .elementor-drop-cap-letter{display:inline-block}<\/style>\t\t\t\t<p>O NAMA<\/p>\t\t\t\t\t\t<\/div>\n\t\t\t\t<\/div>\n\t\t\t\t<div class=\"elementor-element elementor-element-213fbde5 elementor-widget__width-initial elementor-widget elementor-widget-heading\" data-id=\"213fbde5\" data-element_type=\"widget\" data-widget_type=\"heading.default\">\n\t\t\t\t<div class=\"elementor-widget-container\">\n\t\t\t<style>\/*! elementor - v3.13.1 - 09-05-2023 *\/\n.elementor-heading-title{padding:0;margin:0;line-height:1}.elementor-widget-heading .elementor-heading-title[class*=elementor-size-]>a{color:inherit;font-size:inherit;line-height:inherit}.elementor-widget-heading .elementor-heading-title.elementor-size-small{font-size:15px}.elementor-widget-heading .elementor-heading-title.elementor-size-medium{font-size:19px}.elementor-widget-heading .elementor-heading-title.elementor-size-large{font-size:29px}.elementor-widget-heading .elementor-heading-title.elementor-size-xl{font-size:39px}.elementor-widget-heading .elementor-heading-title.elementor-size-xxl{font-size:59px}<\/style><h3 class=\"elementor-heading-title elementor-size-default\">EUROSPED<\/h3>\t\t<\/div>\n\t\t\t\t<\/div>\n\t\t\t\t\t<\/div>\n\t\t<\/div>\n\t\t\t\t<div class=\"elementor-column elementor-col-33 elementor-top-column elementor-element elementor-element-3b927dd0\" data-id=\"3b927dd0\" data-element_type=\"column\">\n\t\t\t<div class=\"elementor-widget-wrap elementor-element-populated\">\n\t\t\t\t\t\t\t\t<div class=\"elementor-element elementor-element-24bb82b elementor-widget__width-initial elementor-widget elementor-widget-text-editor\" data-id=\"24bb82b\" data-element_type=\"widget\" data-widget_type=\"text-editor.default\">\n\t\t\t\t<div class=\"elementor-widget-container\">\n\t\t\t\t\t\t\t<p>Eurosped Co osnovan je 15.12.2000. godine i ve\u0107 vi\u0161e od 20 godina pru\u017eamo vrhunsku uslugu na\u0161im klijentima. Na\u0161a firma je usko specijalizovana za obavljanje svih vrsta poslova vezanih za transport, logistiku i skladi\u0161tenje robe.<\/p><p>Sa ponosom mo\u017eemo re\u0107i da imamo uspje\u0161nu saradnju sa ve\u0107inom klijenata koja traje vi\u0161e od deset godina, a sa nekima i od samog osnivanja kompanije. To je dokaz da smo pouzdani, efikasni i kvalitetni u onome \u0161to radimo.<\/p><p>Na\u0161 tim \u010dini osoblje sa dugogodi\u0161njim iskustvom u oblasti \u0161pedicije, transporta, logistike i skladi\u0161tenja robe. Svi na\u0161i zaposleni su predani pru\u017eanju najbolje mogu\u0107e usluge na\u0161im klijentima.<\/p><p>Nudimo razli\u010dite usluge, uklju\u010duju\u0107i me\u0111unarodni transport robe, skladi\u0161tenje, distribuciju. Na\u0161a vozila su moderna, dobro odr\u017eavana i opremljena. Bezbjedno i brzo organizujemo skladi\u0161tenje robe.<\/p><p>Na\u0161 cilj je da budemo va\u0161 partner u poslovanju. \u017delimo da budemo na usluzi na\u0161im klijentima, rade\u0107i zajedno kako bismo osigurali da njihova roba stigne na odredi\u0161te na vrijeme i bez ikakvih problema.<\/p><p>Hvala vam na interesovanju za na\u0161u firmu i pozivamo vas da nas kontaktirate za sve va\u0161e zahtjeve u vezi sa \u0161pedicijom, transportom, logistikom i skladi\u0161tenjem robe. Na\u0161 tim je uvijek spreman da pru\u017ei najbolju mogu\u0107u uslugu.<\/p><p>Brzo, pouzdano i odgovorno.<\/p>\t\t\t\t\t\t<\/div>\n\t\t\t\t<\/div>\n\t\t\t\t\t<\/div>\n\t\t<\/div>\n\t\t\t\t<div class=\"elementor-column elementor-col-33 elementor-top-column elementor-element elementor-element-42cd3ac8\" data-id=\"42cd3ac8\" data-element_type=\"column\">\n\t\t\t<div class=\"elementor-widget-wrap elementor-element-populated\">\n\t\t\t\t\t\t\t\t<div class=\"elementor-element elementor-element-6bbee234 elementor-widget elementor-widget-image\" data-id=\"6bbee234\" data-element_type=\"widget\" data-widget_type=\"image.default\">\n\t\t\t\t<div class=\"elementor-widget-container\">\n\t\t\t<style>\/*! elementor - v3.13.1 - 09-05-2023 *\/\n.elementor-widget-image{text-align:center}.elementor-widget-image a{display:inline-block}.elementor-widget-image a img[src$=\".svg\"]{width:48px}.elementor-widget-image img{vertical-align:middle;display:inline-block}<\/style>\t\t\t\t\t\t\t\t\t\t\t\t<img decoding=\"async\" width=\"512\" height=\"512\" src=\"https:\/\/eurospedco.me\/wp-content\/uploads\/2023\/05\/cropped-image1-1.jpeg\" class=\"attachment-full size-full wp-image-221\" alt=\"\" loading=\"lazy\" srcset=\"https:\/\/eurospedco.me\/wp-content\/uploads\/2023\/05\/cropped-image1-1.jpeg 512w, https:\/\/eurospedco.me\/wp-content\/uploads\/2023\/05\/cropped-image1-1-300x300.jpeg 300w, https:\/\/eurospedco.me\/wp-content\/uploads\/2023\/05\/cropped-image1-1-150x150.jpeg 150w, https:\/\/eurospedco.me\/wp-content\/uploads\/2023\/05\/cropped-image1-1-270x270.jpeg 270w, https:\/\/eurospedco.me\/wp-content\/uploads\/2023\/05\/cropped-image1-1-192x192.jpeg 192w, https:\/\/eurospedco.me\/wp-content\/uploads\/2023\/05\/cropped-image1-1-180x180.jpeg 180w, https:\/\/eurospedco.me\/wp-content\/uploads\/2023\/05\/cropped-image1-1-32x32.jpeg 32w\" sizes=\"(max-width: 512px) 100vw, 512px\" \/>\t\t\t\t\t\t\t\t\t\t\t\t\t\t\t<\/div>\n\t\t\t\t<\/div>\n\t\t\t\t\t<\/div>\n\t\t<\/div>\n\t\t\t\t\t\t\t<\/div>\n\t\t<\/section>\n\t\t\t\t<section class=\"elementor-section elementor-top-section elementor-element elementor-element-fe8d511 elementor-section-content-middle elementor-section-boxed elementor-section-height-default elementor-section-height-default\" data-id=\"fe8d511\" data-element_type=\"section\" data-settings=\"{&quot;background_background&quot;:&quot;classic&quot;}\">\n\t\t\t\t\t\t<div class=\"elementor-container elementor-column-gap-default\">\n\t\t\t\t\t<div class=\"elementor-column elementor-col-33 elementor-top-column elementor-element elementor-element-c88880c\" data-id=\"c88880c\" data-element_type=\"column\">\n\t\t\t<div class=\"elementor-widget-wrap elementor-element-populated\">\n\t\t\t\t\t\t\t\t<section class=\"elementor-section elementor-inner-section elementor-element elementor-element-b982231 elementor-section-boxed elementor-section-height-default elementor-section-height-default\" data-id=\"b982231\" data-element_type=\"section\">\n\t\t\t\t\t\t<div class=\"elementor-container elementor-column-gap-default\">\n\t\t\t\t\t<div class=\"elementor-column elementor-col-100 elementor-inner-column elementor-element elementor-element-865cbbe\" data-id=\"865cbbe\" data-element_type=\"column\">\n\t\t\t<div class=\"elementor-widget-wrap elementor-element-populated\">\n\t\t\t\t\t\t\t\t<div class=\"elementor-element elementor-element-47de16f text-left elementor-widget elementor-widget-advanced-text-block\" data-id=\"47de16f\" data-element_type=\"widget\" data-widget_type=\"advanced-text-block.default\">\n\t\t\t\t<div class=\"elementor-widget-container\">\n\t\t\t<div class=\"futurio_extra_adv_text_block \" ><h2 class=\"text-content-block\"><p>Kontaktirajte nas<\/p><\/div><\/h2>\t\t<\/div>\n\t\t\t\t<\/div>\n\t\t\t\t<div class=\"elementor-element elementor-element-27994dc elementor-widget elementor-widget-advanced-text-block\" data-id=\"27994dc\" data-element_type=\"widget\" data-widget_type=\"advanced-text-block.default\">\n\t\t\t\t<div class=\"elementor-widget-container\">\n\t\t\t<div class=\"futurio_extra_adv_text_block \" ><div class=\"text-content-block\"><p>Na\u0161im mu\u0161terijama i poslovnim saradnicima smo uvijek na raspolaganju<\/p><\/div><\/div>\t\t<\/div>\n\t\t\t\t<\/div>\n\t\t\t\t\t<\/div>\n\t\t<\/div>\n\t\t\t\t\t\t\t<\/div>\n\t\t<\/section>\n\t\t\t\t<div class=\"elementor-element elementor-element-1db716f elementor-widget elementor-widget-spacer\" data-id=\"1db716f\" data-element_type=\"widget\" data-widget_type=\"spacer.default\">\n\t\t\t\t<div class=\"elementor-widget-container\">\n\t\t\t<style>\/*! elementor - v3.13.1 - 09-05-2023 *\/\n.elementor-column .elementor-spacer-inner{height:var(--spacer-size)}.e-con{--container-widget-width:100%}.e-con-inner>.elementor-widget-spacer,.e-con>.elementor-widget-spacer{width:var(--container-widget-width,var(--spacer-size));--align-self:var(--container-widget-align-self,initial);--flex-shrink:0}.e-con-inner>.elementor-widget-spacer>.elementor-widget-container,.e-con-inner>.elementor-widget-spacer>.elementor-widget-container>.elementor-spacer,.e-con>.elementor-widget-spacer>.elementor-widget-container,.e-con>.elementor-widget-spacer>.elementor-widget-container>.elementor-spacer{height:100%}.e-con-inner>.elementor-widget-spacer>.elementor-widget-container>.elementor-spacer>.elementor-spacer-inner,.e-con>.elementor-widget-spacer>.elementor-widget-container>.elementor-spacer>.elementor-spacer-inner{height:var(--container-widget-height,var(--spacer-size))}<\/style>\t\t<div class=\"elementor-spacer\">\n\t\t\t<div class=\"elementor-spacer-inner\"><\/div>\n\t\t<\/div>\n\t\t\t\t<\/div>\n\t\t\t\t<\/div>\n\t\t\t\t<section class=\"elementor-section elementor-inner-section elementor-element elementor-element-42be50f elementor-section-boxed elementor-section-height-default elementor-section-height-default\" data-id=\"42be50f\" data-element_type=\"section\">\n\t\t\t\t\t\t<div class=\"elementor-container elementor-column-gap-default\">\n\t\t\t\t\t<div class=\"elementor-column elementor-col-50 elementor-inner-column elementor-element elementor-element-d9992f0\" data-id=\"d9992f0\" data-element_type=\"column\">\n\t\t\t<div class=\"elementor-widget-wrap elementor-element-populated\">\n\t\t\t\t\t\t\t\t<div class=\"elementor-element elementor-element-5a53118 elementor-widget elementor-widget-heading\" data-id=\"5a53118\" data-element_type=\"widget\" data-widget_type=\"heading.default\">\n\t\t\t\t<div class=\"elementor-widget-container\">\n\t\t\t<span class=\"elementor-heading-title elementor-size-default\">Headquarters<\/span>\t\t<\/div>\n\t\t\t\t<\/div>\n\t\t\t\t<div class=\"elementor-element elementor-element-0dd5671 elementor-widget elementor-widget-text-editor\" data-id=\"0dd5671\" data-element_type=\"widget\" data-widget_type=\"text-editor.default\">\n\t\t\t\t<div class=\"elementor-widget-container\">\n\t\t\t\t\t\t\t<p>Mitra Baki\u0107a 144, 81000 Podgorica<br \/>Tel: +38220601820<\/p><p>Tel: +38267642262<\/p>\t\t\t\t\t\t<\/div>\n\t\t\t\t<\/div>\n\t\t\t\t\t<\/div>\n\t\t<\/div>\n\t\t\t\t<div class=\"elementor-column elementor-col-50 elementor-inner-column elementor-element elementor-element-85165da\" data-id=\"85165da\" data-element_type=\"column\">\n\t\t\t<div class=\"elementor-widget-wrap elementor-element-populated\">\n\t\t\t\t\t\t\t\t<div class=\"elementor-element elementor-element-5f0053a elementor-widget elementor-widget-heading\" data-id=\"5f0053a\" data-element_type=\"widget\" data-widget_type=\"heading.default\">\n\t\t\t\t<div class=\"elementor-widget-container\">\n\t\t\t<span class=\"elementor-heading-title elementor-size-default\">email<\/span>\t\t<\/div>\n\t\t\t\t<\/div>\n\t\t\t\t<div class=\"elementor-element elementor-element-77dac15 elementor-widget elementor-widget-text-editor\" data-id=\"77dac15\" data-element_type=\"widget\" data-widget_type=\"text-editor.default\">\n\t\t\t\t<div class=\"elementor-widget-container\">\n\t\t\t\t\t\t\t<p>eurosped@tcom-me<br \/>transport@eurosped.me<\/p>\t\t\t\t\t\t<\/div>\n\t\t\t\t<\/div>\n\t\t\t\t\t<\/div>\n\t\t<\/div>\n\t\t\t\t\t\t\t<\/div>\n\t\t<\/section>\n\t\t\t\t<div class=\"elementor-element elementor-element-67bdf09 elementor-widget elementor-widget-spacer\" data-id=\"67bdf09\" data-element_type=\"widget\" data-widget_type=\"spacer.default\">\n\t\t\t\t<div class=\"elementor-widget-container\">\n\t\t\t\t\t<div class=\"elementor-spacer\">\n\t\t\t<div class=\"elementor-spacer-inner\"><\/div>\n\t\t<\/div>\n\t\t\t\t<\/div>\n\t\t\t\t<\/div>\n\t\t\t\t\t<\/div>\n\t\t<\/div>\n\t\t\t\t<div class=\"elementor-column elementor-col-33 elementor-top-column elementor-element elementor-element-2148e86\" data-id=\"2148e86\" data-element_type=\"column\">\n\t\t\t<div class=\"elementor-widget-wrap\">\n\t\t\t\t\t\t\t\t\t<\/div>\n\t\t<\/div>\n\t\t\t\t<div class=\"elementor-column elementor-col-33 elementor-top-column elementor-element elementor-element-07a6228\" data-id=\"07a6228\" data-element_type=\"column\" data-settings=\"{&quot;background_background&quot;:&quot;classic&quot;}\">\n\t\t\t<div class=\"elementor-widget-wrap elementor-element-populated\">\n\t\t\t\t\t\t\t\t<div class=\"elementor-element elementor-element-4aa130d elementor-widget elementor-widget-google_maps\" data-id=\"4aa130d\" data-element_type=\"widget\" data-widget_type=\"google_maps.default\">\n\t\t\t\t<div class=\"elementor-widget-container\">\n\t\t\t<style>\/*! elementor - v3.13.1 - 09-05-2023 *\/\n.elementor-widget-google_maps .elementor-widget-container{overflow:hidden}.elementor-widget-google_maps .elementor-custom-embed{line-height:0}.elementor-widget-google_maps iframe{height:300px}<\/style>\t\t<div class=\"elementor-custom-embed\">\n\t\t\t<iframe loading=\"lazy\"\n\t\t\t\t\tsrc=\"https:\/\/maps.google.com\/maps?q=Mitra%20Baki%C4%87a%20144&#038;t=m&#038;z=15&#038;output=embed&#038;iwloc=near\"\n\t\t\t\t\ttitle=\"Mitra Baki\u0107a 144\"\n\t\t\t\t\taria-label=\"Mitra Baki\u0107a 144\"\n\t\t\t><\/iframe>\n\t\t<\/div>\n\t\t\t\t<\/div>\n\t\t\t\t<\/div>\n\t\t\t\t\t<\/div>\n\t\t<\/div>\n\t\t\t\t\t\t\t<\/div>\n\t\t<\/section>\n\t\t\t\t\t\t\t<\/div>\n\t\t","protected":false},"excerpt":{"rendered":"<p>O NAMA EUROSPED Eurosped Co osnovan je 15.12.2000. godine i ve\u0107 vi\u0161e od 20 godina pru\u017eamo vrhunsku uslugu na\u0161im klijentima. Na\u0161a firma je usko specijalizovana za obavljanje svih vrsta poslova vezanih za transport, logistiku i skladi\u0161tenje robe. Sa ponosom mo\u017eemo re\u0107i da imamo uspje\u0161nu saradnju sa ve\u0107inom klijenata koja traje vi\u0161e od deset godina, a&hellip;<\/p>\n","protected":false},"author":1,"featured_media":0,"parent":0,"menu_order":0,"comment_status":"closed","ping_status":"closed","template":"","meta":[],"aioseo_notices":[],"_links":{"self":[{"href":"https:\/\/eurospedco.me\/index.php\/wp-json\/wp\/v2\/pages\/257"}],"collection":[{"href":"https:\/\/eurospedco.me\/index.php\/wp-json\/wp\/v2\/pages"}],"about":[{"href":"https:\/\/eurospedco.me\/index.php\/wp-json\/wp\/v2\/types\/page"}],"author":[{"embeddable":true,"href":"https:\/\/eurospedco.me\/index.php\/wp-json\/wp\/v2\/users\/1"}],"replies":[{"embeddable":true,"href":"https:\/\/eurospedco.me\/index.php\/wp-json\/wp\/v2\/comments?post=257"}],"version-history":[{"count":15,"href":"https:\/\/eurospedco.me\/index.php\/wp-json\/wp\/v2\/pages\/257\/revisions"}],"predecessor-version":[{"id":294,"href":"https:\/\/eurospedco.me\/index.php\/wp-json\/wp\/v2\/pages\/257\/revisions\/294"}],"wp:attachment":[{"href":"https:\/\/eurospedco.me\/index.php\/wp-json\/wp\/v2\/media?parent=257"}],"curies":[{"name":"wp","href":"https:\/\/api.w.org\/{rel}","templated":true}]}}